114*l**2. Give h(0).
-8
Let a(n) = 11*n + 39. Let l(t) = -4*t - 13. Let w(x) = -3*a(x) - 8*l(x). Let i be w(-15). Let y(j) = -100 + j + 100. Give y(i).
2
Let c be (-2727)/(-90) + -31 - (6/(-20))/(-1). Let p(f) = -19*f**2 - 3*f - 3. Determine p(c).
-19
Let g(h) = 3*h**3 - 22*h**2 - 10*h + 6. Let k(c) = c**3 - 4*c**2 - c. Let x(r) = g(r) - 4*k(r). What is x(-5)?
11
Let u be (15/6)/(16 + (-130)/8). Let o(y) = 6*y + 9. What is o(u)?
-51
Let s(c) = 5*c**2 - c**3 - 13539 - 8*c**2 + 2*c + 13534. What is s(-4)?
3
Let u(t) = -26*t**3 + 10*t**2 + 15*t + 61. Let m(w) = 3*w**3 - w - 2. Let g(b) = 9*m(b) + u(b). Calculate g(-10).
-17
Let d(o) = -143*o + 157. Let l be d(-5). Let r(g) = -871*g - l*g + 1744*g + 10 - 1. What is r(-5)?
4
Let t(d) be the first derivative of d**2/2 - 7*d + 1041. Suppose 6 = -y + 2*y. Let m be 3/y - 33/(-6). Give t(m).
-1
Let p(t) = -t**3 + 42 - 16*t + 295*t**2 + 8 - 317*t**2. What is p(-21)?
-55
Let w be 50/(-150) - 53/3. Let b(o) = -o**3 - 17*o**2 + 14*o - 78. Determine b(w).
-6
Let r(n) = 10*n - 47. Let q be r(9). Let v(o) = 45*o - 17 - q*o + 20. Determine v(-2).
-1
Let q(w) = -6*w**2 - 102*w + 25. Let i(p) = -5*p**2 - 76*p + 18. Let c(j) = -11*i(j) + 8*q(j). Calculate c(-3).
5
Let n(h) = -10*h - 21. Let p(f) = 2*f + 4. Let l = 124 + -113. Let y(r) = l*p(r) + 2*n(r). Suppose 0 = 2*j - 10 - 2. What is y(j)?
14
Suppose 4*x + 5 = 21. Let i(b) = -4*b + 19. Let r(s) = 33. Let q(k) = 2*k + 33. Let d(n) = -4*q(n) + 5*r(n). Let c(v) = -3*d(v) + 5*i(v). What is c(x)?
12
Let p = -64 - -63. Let w be 2 - (20/p)/(-5). Let d(q) = 2*q**2 + 3*q + 1. Give d(w).
3
Let x(y) = y**3 - 8*y**2 + 3. Let m be 2*15/(135/36). Calculate x(m).
3
Let f = 26303 + -26307. Let q(y) be the first derivative of -2*y**3/3 - 5*y**2/2 + 2*y - 1. What is q(f)?
-10
Let v(g) = 17*g**2 + 122*g - 10. Let t(c) = -86*c**2 - 568*c + 50. Let x(j) = 3*t(j) + 14*v(j). What is x(-2)?
-78
Let k(x) be the first derivative of 5*x**2/2 - 7*x - 16. Let q(y) = 11*y - 15. Let d(r) = 5*k(r) - 2*q(r). Let b = 38 + -32. Give d(b).
13
Let d be (-2)/(-5) - (-126)/35. Let r(w) = 2 + 0 + d*w + w - 4*w. Let h = 1289 + -1285. Calculate r(h).
6
Let v(u) = 4*u - 12*u + 5*u - 11 - 9*u + 30*u. Determine v(3).
43
Suppose -20 = 2*u - 7*u. Suppose 0*h - 5*h = -u*w + 2, -4*w - 4*h = -20. Let a(n) be the third derivative of -n**4/24 + 2*n**3/3 - 36*n**2 - 11. Give a(w).
1
Let x(y) be the first derivative of 5*y**2/2 - 12*y + 383. What is x(2)?
-2
Let i(p) = -2*p**2 - 3*p. Suppose 5*c + 89 = 114. Let y(q) = 2*q + q + q + 30 - c*q. Let s be y(32). Determine i(s).
-2
Let r(m) be the third derivative of -m**4/24 - m**3/2 - 222*m**2 + 3. Determine r(2).
-5
Let z(n) = -3*n - 75*n**3 - 12 - n + 76*n**3 + 10*n**2 - 5*n**2 + 8*n. Determine z(-4).
-12
Let j(x) = -x**2 - 7*x + 7. Suppose 0 = -2*k - 8, 3*k = -3*q + 3. Let z(g) = -20*g + 92. Let d be z(q). What is j(d)?
-1
Let c(g) be the first derivative of g**5/30 + g**4/24 - 2*g**3/3 - 7*g**2/2 + 1. Let k(f) be the third derivative of c(f). Suppose -3*b = -5*b - 2. Give k(b).
-3
Let y(t) = -t**2 + 17 + 17 - 31153*t + 31166*t. Determine y(15).
4
Let f = 277 + -278. Let x(n) = 2*n + 2. Let g(a) = 3*a - 5. Let o(u) = f*g(u) + x(u). Determine o(0).
7
Let b(h) = -h**3 - 17*h**2 - 22*h - 40. Let d be b(-16). Suppose -d = -34*i - 328. Let c(w) = w**3 + 7*w**2 - 11*w - 17. Calculate c(i).
7
Let j(i) = -970 + 1894 + 11*i + 8*i - 945 + i**3 + 0*i + 11*i**2. What is j(-9)?
-30
Let a(f) = 11*f**3 - 23*f**2 - 7*f + 4. Let b(s) = s**3 - 4*s**2 - 2*s + 1. Let u(i) = a(i) - 5*b(i). Calculate u(1).
5
Suppose 0 = -14*u - 1697 + 1683. Let k(p) = -69*p**2 - 2*p. Give k(u).
-67
Let z(u) be the second derivative of u**5/20 - 5*u**4/6 + 3*u**3/2 + u**2/2 - 470*u. Let j(r) = -r**3 - r - 1. Let p be j(-2). Determine z(p).
1
Let h(d) be the first derivative of 55 - 2/3*d**3 + 1/2*d**2 + d. What is h(2)?
-5
Let y(q) = -q**2 - 66*q - 233. Let r(c) = 7*c. Let z(m) = 5*r(m) + y(m). Calculate z(-18).
1
Suppose -20 = -r + 5*z, -2*z + 196 = 5*r - 3*z. Suppose -9*u - r - 239 = 0. Let l = 33 + u. Let o(p) = 2*p**2 + 2*p - 2. Give o(l).
10
Let g(z) = 2*z**2 + 3*z + 2. Let h(l) = -l**3 - 34*l**2 + 110*l - 40. Let u be h(-37). Give g(u).
11
Let h = -1786 + 1783. Let v(k) = k**3 + 2*k**2 + 9*k + 11. Give v(h).
-25
Let p be 6/2 + -18 + 14. Let h be 50/275 - (p - (-592)/(-11)). Let d = -57 + h. Let j(c) = -8*c - 1. Determine j(d).
15
Let q(a) = -a**2 - 12*a - 11. Let n be q(-10). Suppose -w - n = 4*f, -f + 0*f + 3 = -5*w. Let v be (-2 + 0 - -1)*f. Let m(l) = -l - 2. Calculate m(v).
-4
Suppose -7*i = -i + 84. Let l = i + 19. Let r(a) = 2*a**2 - 17*a + 3. Let k(m) = -m**2 + 8*m - 1. Let v(s) = -7*k(s) - 3*r(s). Give v(l).
-2
Let o(s) be the third derivative of 7*s**4/6 - 25*s**3/6 - 2821*s**2. Determine o(6).
143
Let w(s) = s**3 - 6*s**2 + s. Let d be (-266)/7*2/4*2. Let u = 42 + d. Suppose -p = u*t - 18, 0 = 3*p + 5*t - 29 - 4. What is w(p)?
6
Let k(n) = -52*n + 179. Let d be k(-12). Suppose 0 = 3*i + 794 - d. Let j(h) = -h**2 + 3*h - 3. What is j(i)?
-3
Let w(s) be the second derivative of 7/2*s**2 - 1/20*s**5 + 0 + 1/2*s**4 + 84*s + 0*s**3. Let p be 5/((-10)/6) + 9. Give w(p).
7
Let m(z) = -z**3 - 18*z**2 - 33*z - 10. Let a = -6688 - -6672. Determine m(a).
6
Suppose -9*t - 11*t = -30*t - 23*t. Let p(i) = -8*i - 48. What is p(t)?
-48
Let n(z) = z**3 + 2*z**2 + z + 4. Let c be n(-2). Let r(k) = -2*k**c - 5*k**3 + 2*k**3 - 2*k**3 + 4*k**3 - k + 2. What is r(-2)?
4
Let l(p) be the first derivative of 1/2*p**2 - 8*p - 21. Calculate l(5).
-3
Suppose -3*d + 24 = 0, -208*l - 12 = -206*l - d. Let q(z) = z**3 + 4*z**2 + 7*z + 6. What is q(l)?
0
Suppose -t - 1 = k, 3*k + 3 = -4*t + 3*t. Suppose -4*x + 8 = t, -7*u + 4*u + 1 = -x. Let m(b) = 4*b**2 + 2*b - 1. Determine m(u).
5
Let i(q) = 6*q - 1. Let c = -272 + 258. Let p(g) be the third derivative of 13*g**4/24 - g**3/3 + 5*g**2. Let j(w) = c*i(w) + 6*p(w). Determine j(2).
-10
Suppose 397*y - 58 = 368*y. Let m(l) be the third derivative of 0 - 1/60*l**5 + 0*l - 1/2*l**3 + 8*l**y + 1/8*l**4. Determine m(4).
-7
Let d(n) = -2*n**2 + 20*n + 4. Let r be -5 - -1 - (-9)/(-3). Let z(t) = -6*t**2 - 44*t - 4. Let a be z(r). Give d(a).
4
Suppose 18 = -2*k, 5*l - 4*k = 8*l + 30. Let h(n) = -5*n**2 + 4*n - 6. Determine h(l).
-18
Let s = 179524 + -179520. Let r(m) be the third derivative of 0 + 5/6*m**3 + 1/60*m**5 - m**2 - 1/24*m**4 + 0*m. Give r(s).
17
Suppose 100*v + 99 = 97*v. Let a be (3/v)/(10/(-110)). Let u(b) = 4*b**2 - b. Calculate u(a).
3
Let g(x) be the first derivative of -3*x**2/2 - 106*x + 4109. Give g(-30).
-16
Let w be 4530*6/(-27)*-30. Let m(j) = -30200 - j + w. Give m(-2).
2
Let r be ((-4)/(-16))/((-7)/18844). Let w = r + 676. Let h(b) = -3*b + 5. Calculate h(w).
-4
Let j(i) = -i**3 + 2*i**2 + i - 2. Let c(y) = 6*y - 7 + 22*y**2 - 3*y**2 - 20*y**2. Let k be c(3). Give j(k).
0
Let b(q) = -8*q + 18. Let o(j) = j. Let i(y) = b(y) + 3*o(y). Let a be i(10). Let d be 1 - (2/8 + (-24)/a). Let u(f) = f**3 - f**2 - f + 8. Calculate u(d).
8
Let t(x) = -x**3 + 9*x**2 + 11*x - 7. Let o be 104/13 - 0*2/2. Suppose -5*g = -25, 10*g - o*g = j. Determine t(j).
3
Let o(t) = 3*t + 38. Suppose -4*b - y - 48 = 0, 10*b - 14*b - 5*y = 48. Let v be o(b). Let c(i) = -i. Let w(s) = -2*s. Let q(x) = c(x) - w(x). What is q(v)?
2
Let j(h) be the third derivative of 0 + 50*h**2 + 1/24*h**4 - 3/2*h**3 + 0*h. What is j(0)?
-9
Let u(j) = 7*j + 2. Suppose 0 = 18*d - 13*d - 2150. Let a = d + -424. Calculate u(a).
44
Let w(j) = -2*j**2 + 31*j - 4. Let h = -13911 - -13926. What is w(h)?
11
Suppose 2268 = 58*g + 114*g + 80*g. Let v(s) = s**3 - 11*s**2 + 17*s + 23. What is v(g)?
14
Let i(o) = 194 - 7*o**2 - 230 + 39 + 17*o. Give i(4).
-41
Let v(m) = 2*m + 2. Let g be (-5)/(-35) + (-142)/14. Let d be (-125)/g*(56/(-10))/7. Give v(d).
-18
Let y(f) = 97*f**3 - 6*f**2 + 17*f - 1. Let n(k) = -107*k**3 + 6*k**2 - 18*k + 1. Let m(w) = -11*n(w) - 12*y(w). What is m(1)?
14
Let x(p) = 12*p - 1. Let y(m) = -4*m**2 - 1. Let n be y(-1). Let v = -6 - n. Determine x(v).
-13
Let r(y) = 2*y**2 - 7*y - 8. Let k(s) = 3 - 22*s - 12*s - 21*s + 59*s - s**2. Let q(x) = 5*k(x) + 3*r(x). Give q(3).
-3
Let v = -45888 - -45883. Let i(u) = -6*u + 6. Let c(t) = -5*t + 5. Let n(j) = -5*c(j) + 4*i(j). What is n(v)?
-6
Let 